der when 74 is divided by p?
24
What is the remainder when 48 is divided by (-23489)/(-566) - (-1 + (-1)/(-2))?
6
Let w(d) = -d**2 + 7*d - 3. Let g be w(6). Let m(h) = -4 - 5*h**3 - 2*h + 3*h**2 + 6*h**g - 5*h**2 + 6*h**2. Calculate the remainder when 9 is divided by m(-4).
1
Suppose 3 = -2*h - u + 5, -5*u - 3 = -3*h. Let b = 7 + h. Calculate the remainder when (-1 - -20)*(0 - -1) is divided by b.
3
Suppose 0 = -4*w + 2*w - 5*c + 39, -3*w - 3*c + 54 = 0. Calculate the remainder when 30 is divided by w.
13
Suppose -48*s = -52*s + 20832. Calculate the remainder when s/52 + 4/(-26) + 0 is divided by 17.
15
What is the remainder when 303/1 - (-16 + 23) is divided by 25?
21
Let u be 4/((-12)/(-9)) + -6. Let f be (108/(-20))/u*5. Let t = f - -2. Calculate the remainder when 19 is divided by t.
8
Suppose -2*f + 2*b - 67 = 125, -91 = f + 4*b. Let t = f - -141. Calculate the remainder when t is divided by 16.
14
Let k(j) = 15*j**2 + 3*j - 3. Suppose 0 = -379*l + 9008 - 670. Calculate the remainder when k(2) is divided by l.
19
Suppose -38 = r - 52. Calculate the remainder when r is divided by 5.
4
Suppose 0 = 2*v + 3*f + f - 18, 2*v + 2*f = 20. Let n = 263 + -231. Calculate the remainder when n is divided by v.
10
Suppose 2*o - 385 = -o - 4*i, -2*o - 5*i + 266 = 0. Calculate the remainder when o is divided by 38.
9
Let k(x) = 125*x**2 + 5*x - 1. Calculate the remainder when k(-1) is divided by 44.
31
Suppose -k - 21 = -2*k. Let m = -23 + k. What is the remainder when 28 is divided by 6/(4/(-8)*m)?
4
Let f(g) = -g**3 - 7*g**2 - 10*g + 3. Let m be f(-6). Let b = -14 + m. Suppose b*j = 8*j + 20. Calculate the remainder when 11 is divided by j.
3
Let z(k) = -2*k**3 - 19*k**2 - 33*k - 186. Calculate the remainder when 105 + -2 + (1 - -2) is divided by z(-9).
16
Suppose 3*a = 3 - 0, -4*a - 5 = -3*y. Suppose 0 = y*z - 13 - 26. Calculate the remainder when 28 - ((2 - 3) + 4) is divided by z.
12
What is the remainder when 153 is divided by (26/39)/(160/78 - 2)?
10
Suppose 1240 - 396 = 4*x. Let y = x + -119. What is the remainder when y is divided by 31?
30
Let f = -31 + 46. What is the remainder when 568 is divided by f?
13
Let j = 90 + -13. Calculate the remainder when 537 is divided by j.
75
What is the remainder when 136/(17/((-952)/(-16))) is divided by 15?
11
Let s = 149 + -96. Calculate the remainder when s is divided by 15.
8
Suppose 0 = -2*a + 36 - 10. What is the remainder when 48 is divided by a?
9
Let s = -12 + 15. Suppose -m + 13 - s = d, 4*m = 2*d - 2. Suppose c + 10 = y - 0*c, 2*c = -y + d. What is the remainder when y is divided by 3?
0
Let z be 0 - 2 - 5/(-10)*8. Suppose 144 = 3*n + z*q - 5*q, -119 = -3*n - 2*q. What is the remainder when n is divided by 12?
7
Suppose 2*a - 166 = -h, 3*h - 4*h + 3*a + 146 = 0. Let f = h - 93. Calculate the remainder when f is divided by 34.
31
Suppose 10*t = -4*t - 154. Let b = t - -57. What is the remainder when b is divided by 6?
4
Suppose 5*t + 6*t - 33 = 0. Suppose 28 = 5*n - 2*r, t*n + r - 4 = 15. Calculate the remainder when 22 is divided by n.
4
Let b = -523 - -811. Suppose 3*d - b = -m, 297 = 3*d - 4*m + 24. Let f = d - 68. Calculate the remainder when f is divided by 10.
7
Let z = 50 - 23. Let n = -1541 - -1646. Calculate the remainder when n is divided by z.
24
Let p(l) = l**2 - 2. Let s be p(3). Suppose 0 = -2*b + s*b + 880. Calculate the remainder when 10 is divided by b/(-40) + 4/(-10).
2
Let y = 272 - 237. Calculate the remainder when 208 is divided by y.
33
Let i(p) = 4*p**2 + 2*p - 4. Let q be i(1). Let t(c) = 0*c**3 - 2 + 6*c + 7*c**3 + 0 - 5*c**2. What is the remainder when t(q) is divided by 24?
22
Let d be 4 + 1/((-35)/(-9) + -4). Let y(i) = -i**3 - 3*i**2 + 5*i - 8. What is the remainder when 40 is divided by y(d)?
6
Let r(l) = -2*l**3 + l**2 + 34. Let z be r(0). Let y = z + -33. Let q = -1 + 2. Calculate the remainder when q is divided by y.
0
Let a(r) = -r**3 + 10*r**2 - 6*r + 6. Suppose 6 - 1 = g. Let c = -6910 + 6936. Calculate the remainder when a(g) is divided by c.
23
Let u be 3/15 + (-2)/10. Suppose 5*b - 45 = -u*b. Let g = b + -6. What is the remainder when 10 is divided by g?
1
Let u(z) = z**3 + 8*z**2 + 5*z + 1. Let i be u(-6). Let q = i - 26. Calculate the remainder when 49 is divided by q.
15
Let l = 10 + 22. Let b = l - 7. What is the remainder when b is divided by 9?
7
Calculate the remainder when 82 is divided by (-162)/(-1053) + 40/26*9.
12
Let t = 763 - 752. Calculate the remainder when 119 is divided by t.
9
Suppose 7*o - 128 = 2*o - 3*q, 2*o - 45 = 5*q. What is the remainder when 33 is divided by o?
8
Let i be -4*4/(-16) + -11. Let g = i - -16. Suppose 2*a - 40 = -5*n, -a + 43 = 2*a - n. What is the remainder when a is divided by g?
3
Let s = -5 - -7. Suppose 2*h + 3*a = 23, -s*a - 3*a + 21 = -h. Suppose -37 = 3*i - 43. Calculate the remainder when h is divided by i.
0
Suppose 32 = -2*n - 130. Calculate the remainder when (-15 - n) + (-2)/(-2) is divided by 17.
16
Calculate the remainder when (12/(-14)*4)/(4/(-14)) is divided by 3.
0
Suppose 0 = 5*u - 26 - 84. Calculate the remainder when (-30)/(-5) + 60 + -2 is divided by u.
20
Suppose -3705*m = -3709*m + 228. What is the remainder when 133 is divided by m?
19
Let z(v) = 3*v**3 + 50*v**2 - 20*v + 3. Calculate the remainder when 264 is divided by z(-17).
48
Suppose 5*o + i + 53 = 129, 1 = i. What is the remainder when 148 is divided by o?
13
Let t(h) be the second derivative of -1/3*h**3 + 0 + 1/6*h**4 + h - 9/2*h**2. What is the remainder when t(-5) is divided by 27?
24
Let u(z) = 2*z**3 - 2*z**2 - 3*z - 3. Let y(c) = c + 29. What is the remainder when u(3) is divided by y(-21)?
0
Suppose -308 + 900 = 16*b. What is the remainder when b is divided by 16?
5
Let t = 409 - 288. What is the remainder when t is divided by (-4)/(172/(-82) + 2)?
39
Let b = 359 - 350. What is the remainder when b is divided by 5?
4
Suppose -50 + 0 = j + 2*q, 4*q - 152 = 4*j. Let i = j + 89. Calculate the remainder when i is divided by 12.
11
Let u(h) = -h**2 - 12*h - 10. Let z be u(-5). Let x = -23 + z. What is the remainder when 2 is divided by x?
0
Suppose -4*w = 2*u - 5*u + 844, 2*w + 1122 = 4*u. Calculate the remainder when u is divided by 142.
138
Let b = 53 - 12. Let n = -48 + b. What is the remainder when 10 is divided by (-156)/91*n/2?
4
Let f(n) = -13*n**2 + n. Let p be f(-2). Let w = 57 + p. What is the remainder when 8 is divided by w?
2
Suppose -c + 2 = -1. Suppose -16 = -c*a - 7. Calculate the remainder when a is divided by 2.
1
Let s = -9 - -14. Suppose -48 = s*o - 11*o. What is the remainder when 13 is divided by o?
5
Suppose -9*n = 619 - 13615. What is the remainder when n is divided by 17?
16
Let x(z) be the second derivative of z**4/6 + z**3/2 + 2*z**2 - 10*z. Let t be x(-2). Suppose -f + t + 9 = 0. What is the remainder when 58 is divided by f?
13
Let p(k) = -k**3 - 8*k**2 + k - 13. Let j be p(-6). Let f = j + 188. Let d = 21 + 4. Calculate the remainder when f is divided by d.
22
Let p = -16 + 8. Let d be (-126)/p - (-3)/(-4). What is the remainder when 13 is divided by (-25)/(-7) - d/(-35)?
1
Let d(w) = -w**2 - 22*w - 35. Let z be d(-15). Let i = 122 - z. What is the remainder when i is divided by 27?
25
Let m be (1/2)/(2/436). Let p = -16 + m. What is the remainder when p is divided by 19?
17
Let j = -16 + 90. Suppose 0 = -b - 3*i - 51, i - j = -0*b + 2*b. Calculate the remainder when (-1)/(2 - b/(-19)) is divided by 11.
8
Let o(l) = -l**3 - 9*l**2 - 7*l + 10. Let s(f) = -f**3 - 7*f**2 + 2*f + 8. Let h be s(-7). Let b = h - -9. Calculate the remainder when b is divided by o(-8).
1
Let m = -32 + 20. Let d be 3/(15/m + 2). Calculate the remainder when 44 is divided by d/(-16) - 61/(-4).
14
Let s = 538 + -134. Suppose -5*f + 3*d = -f - 432, -4*d = 4*f - s. What is the remainder when f is divided by 27?
24
Suppose 2*r = 8, -2*t + r + 106 = -0*r. Suppose -l + 125 = 3*l - 3*g, -2*l + 3*g = -t. Calculate the remainder when 67 is divided by l.
32
Let z = 2139 + -2093. What is the remainder when 85 is divided by z?
39
Let v = 46 - 22. Suppose 6*s + 4*y = 3*s + 26, -2*s - y = -v. What is the remainder when 41 is divided by s?
13
Suppose 3 = 11*s - 316. Calculate the remainder when 223 is divided by s.
20
Let j(h) be the first der